by y?
16
Let k(p) = -7*p - 7. Suppose t + 3*u + 7 = 0, 3*t - 4*u = 4*t + 8. Let m be k(t). Let l = 39 - m. What is the remainder when 34 is divided by l?
16
Let a(d) = -2*d + 18. Let t be a(8). Let g be (-12)/9*(-3)/t. Let l(c) = 5*c - 2. What is the remainder when l(g) is divided by 5?
3
Let c be (-3971)/(-7) + (-2)/7. Let x = c - 1275. What is the remainder when (-18)/(-42) + x/(-14) is divided by 27?
24
Let u = 7 + 116. Calculate the remainder when u is divided by 32.
27
Suppose -f = -14 - 6. What is the remainder when 50 is divided by f?
10
Suppose 148 = 4*v - 4*b, 4*b + 0 = 2*v - 76. Suppose 6*d = 2*d + v. Suppose -4*s = -s - 51. Calculate the remainder when s is divided by d.
8
Suppose -4*z = 4, 3*z - 4*z = -5*t + 31. Suppose t*b - 34 = 4*b. What is the remainder when 47 is divided by b?
13
Let g(d) = -d**2 + 8*d + 9. Let f be (0/(-3 - 2))/1. Suppose f = 3*l - 94 - 32. Calculate the remainder when l is divided by g(8).
6
Let j be ((-85)/25 + 3)*40. Let g = j + 67. Calculate the remainder when 150 is divided by g.
48
Let z be (2 + -1 - -1)/((-4)/(-10)). Suppose -z*m = 113 - 338. Calculate the remainder when m is divided by 25.
20
Suppose 0 = l + l - 4. Let j(s) = 3 - s**2 + s**3 - 2*s + 7*s**2 + 2*s**l. Calculate the remainder when j(-8) is divided by 10.
9
Let b(o) be the first derivative of -o**3/3 + 3*o**2 - o + 10. What is the remainder when 23 is divided by b(3)?
7
Suppose 2*a = 4*a - 6. Suppose 0 = -2*o - a*h + 9 + 9, -3*h + 12 = o. Calculate the remainder when 22 is divided by o.
4
Suppose -5*o + 40 = -4*o. What is the remainder when o is divided by 21?
19
Let k = 288 - 263. Calculate the remainder when k is divided by (4 + 10)*(-2)/(-4).
4
Let l = -7 - -23. Let s(z) = -3*z + 4. Let h be s(-2). What is the remainder when l is divided by (0 + 2/4)*h + 1?
4
Suppose -6 = 4*r + 14. Let p(n) = -8*n - 5. Calculate the remainder when p(r) is divided by (34 - 8)*(-1)/(-2).
9
Let x(m) = 4*m**2 - 10*m + 17. Let q be x(5). Let c = q + -53. Calculate the remainder when 38 is divided by c.
10
Let l(k) = k**3 - k**2 + 27. Let y be 0*2/12*3. What is the remainder when 107 is divided by l(y)?
26
Suppose 2*d - i - 300 = 0, 3*d = 6*i - 2*i + 445. Let c(j) = 8*j + 59. What is the remainder when d is divided by c(-5)?
18
Suppose 0*o + 33 = 2*o + c, o + c - 16 = 0. Let k = 169 - 162. Calculate the remainder when o is divided by k.
3
Suppose 0 = 19*j - 13*j - 774. Calculate the remainder when j is divided by 11.
8
Suppose 0 = 7*j - 3*j - 16. What is the remainder when 2/4 + (-7)/28*-18 is divided by j?
1
Let z(s) = -7*s - 15. Suppose -4 = i + 3. What is the remainder when z(i) is divided by 16?
2
Suppose 5*k - 595 = -2*k. Let g be 217/(-14)*(0 - 2). Suppose 0 = b + 9 - g. Calculate the remainder when k is divided by b.
19
Let v(d) = -2*d**2 + 43*d - 40. What is the remainder when 219 is divided by v(20)?
19
Let x = -530 - -612. What is the remainder when x is divided by 74?
8
Suppose 15*p - 71 - 79 = 0. Let l(c) = 47*c. What is the remainder when l(1) is divided by p?
7
Let d be 1/((-1)/(-4)) - (-17 + -484). Let i = d - 255. What is the remainder when i is divided by 63?
61
Suppose 2*d - 49 = -z, -5*z - 62 + 10 = -d. Let n = d + -5. Let r = -421 - -486. What is the remainder when r is divided by n?
21
Suppose 2*v - 37*p = -35*p + 46, 87 = 4*v + p. What is the remainder when 79 is divided by v?
13
Suppose -17*z - 22 = -19*z + h, 4*h - 8 = 0. Suppose -5*k = -f - 3 + 2, -2*f = 3*k + 2. Calculate the remainder when f/4 + 466/8 is divided by z.
10
Let o(v) = -v**3 - 9*v**2 + 7*v - 21. Calculate the remainder when 422 is divided by o(-10).
8
Let b = 236 - 224. What is the remainder when 527 is divided by b?
11
Let x = -63 + 94. Calculate the remainder when 90 is divided by x.
28
Let h = -417 - -523. Calculate the remainder when 258 is divided by h.
46
Suppose -5*b = -5*j - 0*j - 820, 0 = 4*b + j - 676. Suppose 44 = 4*z - b. Suppose 4*y - 5*y = -z. Calculate the remainder when y is divided by 14.
11
Let h(k) = -k**3 + 48*k**2 - 92*k + 37. Let v = -10 + 24. What is the remainder when h(46) is divided by v?
9
Suppose 3*f - 8*f = -30. Let t be 6/2 - 7 - f. Let a = t - -16. What is the remainder when 14 is divided by a?
2
Suppose 203 = 3*a - t + 9, 0 = a + 5*t - 38. What is the remainder when a is divided by 13?
11
Suppose -4*t + 3*f + 122 = -0*t, -3*t = 2*f - 100. What is the remainder when 128 + (-5 + -2 - -4) is divided by t?
29
Suppose -3*f = -48 - 3. Suppose -3*v = -6*v + 6. Suppose -s = -8 + v. What is the remainder when f is divided by s?
5
Suppose 24*z - 15760 = -16*z. What is the remainder when z is divided by 44?
42
Suppose -2*a + i + 1492 = 0, 0 = -a + i + 4*i + 728. Calculate the remainder when a is divided by 10.
8
Let z = -16 + 23. Let c = -4 + z. Suppose -3*x + d + 17 = -c, 3*x - 4*d = 26. Calculate the remainder when 22 is divided by x.
4
Calculate the remainder when 426 is divided by (-43)/(20/5 - 5).
39
Suppose -5*m + 10*m - 15 = 0. Suppose 2*x - 58 = -3*i, 3*x = -m*i - 2*i + 98. What is the remainder when i is divided by -3*((-2)/(-18) - 1)*3?
6
Let b(c) = 2*c**2 - 5*c + 1. Let g be 18/(-4) + 3/6. Calculate the remainder when b(g) is divided by 19.
15
Let b be (-3 + (-76)/(-20))*5. Suppose 3*j - 3*a = 84, 0*j - 5*a - 110 = -b*j. Calculate the remainder when 58 is divided by j.
28
Suppose -22 = v - 4*v - j, -2*j + 16 = 2*v. Calculate the remainder when 59 is divided by v.
3
Calculate the remainder when ((-14)/(-7) - -41) + -9 is divided by (-9)/(-15) - 72/(-5).
4
Let a = 66 - -120. Calculate the remainder when a is divided by 38.
34
Let u(q) = -9*q - 9. Let l be u(-7). Suppose -m + l = m. Calculate the remainder when m is divided by 14.
13
Suppose 10 = -5*k, 6*c + 2*k = 8*c - 720. What is the remainder when c is divided by 93?
79
Let f(i) = 7*i - 25. Let y be f(15). Suppose -2*b = 2*b - y. Calculate the remainder when 39 is divided by b.
19
Suppose 2 = -2*g + 8. Let r(o) = o**2 + 7. Calculate the remainder when 79 is divided by r(g).
15
Suppose 0 = -3*w - 45 + 183. Let l = w + -29. Suppose 3*p - 191 + 47 = 0. Calculate the remainder when p is divided by l.
14
Suppose 2*l = 5*t + 27, 5*t = -2*l - 0*t + 77. Calculate the remainder when 46 is divided by l.
20
Suppose v + 39 = -n, 4*v + n = -n - 156. Let k be -4 + 6 + (v - 0). Let m = 64 + k. Calculate the remainder when m is divided by 15.
12
Let t(f) = -f**3 - 5*f**2 + 3*f - 4. Let c be t(-4). Let d be 2 + (-7)/(14/c). Calculate the remainder when 986/d + 14/63 is divided by 19.
17
Suppose 11*d - 84 = 48. What is the remainder when 166 is divided by d?
10
Let h be ((-20)/5)/(2 + (-12)/5). Suppose h*x = 14 + 16. Calculate the remainder when 41 is divided by x.
2
Let n(l) = -3*l + 45. What is the remainder when 503 is divided by n(-9)?
71
Let y(g) = g**2 + 3*g + 4. Let u be (-8)/(-6)*(-15)/5. What is the remainder when y(u) is divided by 5?
3
Let w(c) = 25*c**2 - c - 1. Let y = 79 - 54. Calculate the remainder when w(2) is divided by y.
22
Let i be 3/((-12)/(-8)) + -2. Suppose 7*x - x - 138 = i. Calculate the remainder when 84 is divided by x.
15
Suppose -161*o + 150*o + 176 = 0. Calculate the remainder when 190 is divided by o.
14
Suppose -12*w = 3*o - 7*w - 133, -4*o = 4*w - 172. What is the remainder when o is divided by 11?
8
Let o(a) = -a**3 + 8*a**2 - a + 10. Let m be o(8). Calculate the remainder when 45 is divided by (-25)/(-2) - 1/m.
9
Suppose 7*f = 4*f. Suppose f = -r - r - 6. Calculate the remainder when 15 is divided by r - -5 - (-1 + -5).
7
Let m(f) = 46*f - 35. What is the remainder when m(2) is divided by 47?
10
Let y = -240 + 586. Calculate the remainder when y is divided by 29.
27
Suppose 0*f + 360 = 5*f. Suppose 5*t - f = -7. Suppose -2*o + 109 = -2*s + 5*s, -s + 3*o + 40 = 0. Calculate the remainder when s is divided by t.
11
Suppose 49 + 19 = 4*p. What is the remainder when ((-24)/(-14))/((-25)/(-700)) is divided by p?
14
Let l = 33 + 4. Calculate the remainder when (-3)/(-12) - l*(-21)/12 is divided by 17.
14
Let n(v) = v**3 - 10*v**2 + 20*v - 9. Let r be 5 - -2*(-3)/(-6). What is the remainder when ((-170)/(-15))/(1/r) is divided by n(8)?
22
Let r = 32 + 5. Suppose 2*o - 449 = -4*y + 5*o, y - o - 113 = 0. What is the remainder when y is divided by r?
36
Let w(l) = -l**2 - 1